is the units digit of b?
9
Suppose 40197 = 3*i - 13227. Let b be i/90 - 2/(-15). Suppose 2*n - 5*m + 3*m = b, -4*n = -m - 387. What is the units digit of n?
6
Let q(m) = m**2 - 11*m - 8. Let g be q(12). Let k(h) = -6*h - g*h**2 + 3*h + 9*h + 5*h**2 - 5. What is the units digit of k(5)?
0
Suppose -54 = 4*j + 66. Let l = j + 112. What is the units digit of l?
2
Suppose 0 = -20*i + 29745 + 216749 + 193886. What is the thousands digit of i?
2
Let x be (24/(-30))/(12/(-90)) - 4. Let b(c) be the second derivative of 11*c**4/2 + c**3 - c**2/2 - c. What is the hundreds digit of b(x)?
2
Suppose 0 = -6*f - 2 + 8. Let y be (-15)/30*(f + -1). Suppose -h + 34 + 48 = y. What is the units digit of h?
2
Suppose -27*w - 77 - 58 = 0. What is the units digit of (-999)/(w/(50/15))?
6
Suppose -4*w + 2919 = -8449. Suppose -4340 - w = -42*p. What is the tens digit of p?
7
Suppose 131 = 3*g - 76. Suppose 54 = 2*a + x - 56, g = a + 4*x. What is the tens digit of a?
5
Suppose 0 = -3*n + 2*h + 5512, 0*h = 3*n - h - 5516. Suppose 0 = -4*q - 2*s + n, -s = 3*q - 2*s - 1370. What is the hundreds digit of q?
4
Let t(v) = v**3 + 7*v**2 + v + 5. Let a be t(-7). Let b be a/(14/(-607)) - (-2)/7. Let h = 176 - b. What is the tens digit of h?
8
Let n(p) = -2*p**3 + 2*p + 54. Let o be (3 + (2 - 5))/1. What is the tens digit of n(o)?
5
What is the thousands digit of 350/56*84/35*11721/3?
8
Suppose 3 = -2*l + 1, 0 = -3*k + 5*l + 5. Suppose k*v - 4*v + u + 13 = 0, -u = 3*v - 1. Suppose -6*c + v*c + 152 = 0. What is the tens digit of c?
3
Let d be -16 - -20 - 3/(3/(-8)). What is the hundreds digit of 200/(-6)*(d - 27)?
5
Suppose w + 2697 = 4*a + 6*w, 3*a + 2*w = 2021. Suppose -22*y = -a - 1087. What is the tens digit of y?
8
Let g(u) = -21*u - 21. Let a be g(-6). Let m = a + -133. What is the units digit of (m - 5)*(39/(-9) - 3)?
2
Let j = 23115 - 14430. What is the thousands digit of j?
8
Suppose c = u + 3073, 5*c - u = 3*c + 6147. Suppose -z = 5*m - c, -4*m = m + 2*z - 3073. What is the hundreds digit of m?
6
Suppose 5*x = 4*b + 448, 4*x = 4*b + 6*x + 448. Let c = b + 439. Let j = -186 + c. What is the hundreds digit of j?
1
Suppose -3*h + 19889 = k - 6212, 4*h = 3*k - 78394. What is the ten thousands digit of k?
2
Let b = 397 - -369. Suppose 4*g = 594 + b. What is the hundreds digit of g?
3
Let j = 1 + 3. Suppose -54*d = -112*d + 2030. Suppose -104 = -b - f, 3*f + d = j*b - 346. What is the units digit of b?
9
Suppose i + 9 = -32*j + 30*j, -21 = 2*j + 5*i. Let f(x) = -39*x**3 - x**2 + 3*x + 1. What is the thousands digit of f(j)?
1
Let y = -8833 - -12558. What is the hundreds digit of y?
7
Let t be (-1 - -61158) + (-5 - -8) + -9. Suppose 41*m - t = -21914. What is the tens digit of m?
5
Let h be 87/27 - (-14)/(-63). Suppose -5*d = -5*s - 40, -h*s + 22 = 4*d - 45. What is the tens digit of d?
1
Let v(b) = -b**3 + 67*b**2 - 94*b + 189. What is the tens digit of v(63)?
4
Let g = 37 + 370. Let z = -240 + g. What is the hundreds digit of z?
1
Suppose -16*y = -21*y + 15220. Suppose 0 = 8*k + 1140 - y. What is the hundreds digit of k?
2
Let s(c) = 57*c - 122. Let u be s(12). Suppose 2*x + 3*k = -3*x + 2838, x = -2*k + u. What is the tens digit of x?
7
What is the thousands digit of 6/6*41831 + (-12)/6?
1
Let j = 65 - 61. Suppose 0 = 4*u + 3*c - 3 - 1, j*u - 28 = 3*c. What is the hundreds digit of (-262)/(-1 - u/16*4)?
1
Let s = 277 - 172. Let i be ((-112)/20)/((-6)/s). Let t = i - -13. What is the units digit of t?
1
Let c = 1231 - -69. What is the tens digit of c/(-40)*108/(-10)?
5
Let t(w) = 6*w**2 - 2*w + 56. Let b(d) = 19*d**2 - 7*d + 170. Let x(u) = -2*b(u) + 7*t(u). What is the units digit of x(0)?
2
Suppose -1297*u = -1302*u + 10. Suppose 2*f + 2*p = 5*f - 3034, u*f = 5*p + 2008. What is the thousands digit of f?
1
Suppose 5*n - 6247 = -3*b, -b - 2197 = -2*n + 304. What is the hundreds digit of n?
2
Let f(r) = 126*r**2 + 68*r - 508. What is the hundreds digit of f(8)?
1
What is the tens digit of (-3755570)/(-190) + (-3)/19?
6
Let c(w) be the first derivative of 5*w**2/2 + 100*w + 28. What is the tens digit of c(-13)?
3
Let t be (-82)/((-15)/25*4/6). Let u = 79 - t. Let i = -64 - u. What is the tens digit of i?
6
Let v = 1253 + -475. Suppose 5*o + 1377 = 4*w - 180, 2*w - 2*o - v = 0. Suppose -3*a = -a - w. What is the hundreds digit of a?
1
Let y(o) be the third derivative of -o**6/120 + 17*o**5/60 - o**4/8 + 26*o**3/3 + 3*o**2 + 9. What is the units digit of y(17)?
1
Let r be 5*10*(2 - (-80)/(-25)). Let p = r - -71. Suppose 14*u - p*u - 39 = 0. What is the tens digit of u?
1
Suppose 33*g - 591646 - 22550 = 0. What is the hundreds digit of g?
6
Suppose 2*v + 23190 = 2*r, 2*v + 3*v = 30. What is the ten thousands digit of r?
1
Let h = 45 + -56. Let z(p) = -p**2 - 13*p - 16. Let o be z(h). Suppose -r + j = o*j - 41, 0 = -r + 3*j + 9. What is the units digit of r?
1
What is the units digit of (-12)/258 - 52304598/(-1849)?
8
Suppose -4*g + 259 = 3*g. Suppose 102 = g*d - 35*d. Suppose 3*r - d - 39 = 0. What is the tens digit of r?
3
Let a(f) be the second derivative of 13*f**3/3 + 3*f**2 + 18*f. Let b be a(4). What is the hundreds digit of (-3)/1 - (-11 - b)?
1
Let q be (-2355)/9 - 3/(18/(-4)). Let o = 500 - q. Suppose 7*r = o + 9. What is the tens digit of r?
1
Suppose 3*n - 25480 - 16511 = -3*c, -4*c = 5*n - 69980. What is the tens digit of n?
9
Let h(a) = 20 - a - 6 - 4 - 7. Let v be h(5). What is the units digit of 2 + (79 - 3) - (v - -3)?
7
Let i be (-2)/3*(-27 - -3)/4. Suppose 4*g = -5*d + 6*d + 400, 300 = 3*g - i*d. Let t = 182 - g. What is the tens digit of t?
8
What is the units digit of (-54)/(-72)*(-3)/9 - 10297/(-4)?
4
What is the thousands digit of (7724 + 14 - -1) + -6?
7
Suppose 2*n = -2*j - 8, 4*n - 4*j + 8 = -6*j. Suppose 4*s + 3*i - 1249 - 1994 = n, s = 3*i + 807. What is the units digit of s?
0
Let d = -3814 + 8536. What is the units digit of d?
2
Let b be (-30)/(-4)*(-6)/(-54)*6. Suppose 2*m + 5*j = 15, m + b*j - 15 = 5*m. What is the units digit of 76 - m/(6 - 1)?
6
Suppose -81 = -0*j + 9*j. Let a(z) = -117*z + 6. What is the hundreds digit of a(j)?
0
Suppose -45*k + 42 = -42*k. What is the tens digit of 3512/k*182/52?
7
Let a be (-2)/3 + (-401)/(-3). Let u = a - 112. Suppose u*s - 27*s = -1116. What is the hundreds digit of s?
1
Let t be (-2079)/55 - (12/5)/(-3). Let y = t + 589. What is the units digit of y?
2
Let v(f) = f**2 - 12*f + 38. Let y be v(6). Suppose -g - 265 = -n, -471 = -y*n + 5*g + 56. What is the units digit of n?
6
Suppose 102*z - 96*z = 96. Let f(x) = x**2 + 14*x - 101. What is the hundreds digit of f(z)?
3
Let y be 27 - 21 - (3 + -1)*3. What is the thousands digit of (y - -4) + 56100/34?
1
Suppose -7*r = -2*r. What is the hundreds digit of (-6438)/(-54) + (4/(-18) - r)?
1
Let g(c) = 152*c + 90. Let u be g(16). Let k = u - 1781. What is the hundreds digit of k?
7
Let g = -5889 - -6181. What is the hundreds digit of g?
2
Let s(i) = 477*i**2 + 10*i - 8. Let l be s(1). Suppose -2*q + l + 29 = 0. What is the hundreds digit of q?
2
Let q be (-8)/(-4 - (-5862)/1467). Suppose 11*r = 8*r + q. Suppose -272 = 4*m - r. What is the units digit of m?
5
Let c be (28/12)/(-7)*6. Let v be (c + (-1806)/(-3))/((-15)/(-10)). Suppose 0 = 5*l + 3*k - 244 - 156, 5*l - 3*k = v. What is the tens digit of l?
8
Suppose 6*m - 2*m = -816. Let j = m - -334. What is the tens digit of j?
3
Let l = -5350 - -15714. What is the thousands digit of l?
0
Suppose 109819 = 3*r - f, -42*f = -5*r - 39*f + 183029. What is the ten thousands digit of r?
3
Let g = -3362 + 4919. What is the tens digit of g?
5
Let n(d) be the first derivative of d**4/4 + 35*d**3/3 + 19*d**2/2 - 17*d + 92. What is the tens digit of n(-34)?
9
Let x be (0 - -2) + -5 - -9. Suppose x*d = 8*d - 4. Suppose 0 = -d*h - 3*q + 141, 4*h = -0*q + 5*q + 293. What is the tens digit of h?
7
Let x = 184 + -174. What is the hundreds digit of ((-3532)/14)/(x/(-35))?
8
Let v(w) = 232*w - 24. Let s be v(1). Let i be 0 + (-4)/8 + 265/2. Suppose -s = k - 6*k - p, -3*p = -3*k + i. What is the tens digit of k?
4
Suppose 68*d - 28494 = 67*d - n, -5*d + 3*n = -142438. What is the units digit of d?
0
Suppose -16*p - 17*p + 20180 = -29*p. What is the units digit of p?
5
Let b(p) be the first derivative of -8 - 1/4*p**4 - 21*p - 19/2*p*